late t(6).
5
Let q(x) = 4*x**3 - 6*x**2 + 4738*x - 14189. Determine q(3).
79
Let m(z) = -207*z + 12221. Give m(58).
215
Let f(h) = -2*h**3 - 74*h**2 + 104*h + 1062. Determine f(-38).
-2
Let q(m) = -4*m**2 - 67*m + 6630. Calculate q(-50).
-20
Let l(y) = 3*y**2 - 1355*y + 63368. What is l(53)?
-20
Let w(q) = 90*q**2 + 6044*q + 38655. Calculate w(-60).
15
Let x(c) = -46*c**2 - 4445*c + 4447. What is x(1)?
-44
Let g(f) = f**3 + 38*f**2 + 170*f - 567. Give g(-32).
137
Let r(a) = 2*a**3 + 17630*a**2 + 1172230*a - 138. Determine r(-67).
-4
Let p(a) = -121*a**2 + 577*a + 882. What is p(6)?
-12
Let n(i) = -16*i**3 - 110*i**2 + 641*i - 31. Give n(6).
-3601
Let v(r) = 64*r**2 + 943*r + 12. Calculate v(-15).
267
Let g(w) = 603*w - 65018. What is g(108)?
106
Let f(p) = 13971*p + 20341785. Determine f(-1456).
9
Let v(f) = -1976*f + 1449. Determine v(2).
-2503
Let c(x) = -63*x**3 + 4661*x**2 + 74*x + 332. Give c(74).
332
Let q(d) = d**3 - 56*d**2 + 395*d - 552. What is q(6)?
18
Let s(m) = 2*m**2 - 26183*m + 835763. What is s(32)?
-45
Let g(w) = 2*w**3 + 270*w**2 - 14254*w - 1924281. Determine g(-135).
9
Let v(h) = 119*h + 29227. Determine v(-245).
72
Let v(n) = -6*n**2 - 75*n - 1042. What is v(-10)?
-892
Let i(d) = -3700*d + 691760. What is i(187)?
-140
Let z(x) = x**3 + 44*x**2 + 432*x + 376. Calculate z(-30).
16
Let d(f) = -f**3 + 30*f**2 - 69*f - 927. Calculate d(26).
-17
Let v(x) = 718*x**2 - 79*x - 243. Determine v(-3).
6456
Let h(z) = -58*z**3 + 94*z - 193. What is h(2)?
-469
Let l(a) = -a**2 + 499*a - 8604. What is l(18)?
54
Let g(h) = 888*h**2 + 4431*h + 39. Give g(-5).
84
Let i(n) = -7260*n - 43662. What is i(-6)?
-102
Let j(y) = -19*y**3 - 754*y**2 - 1219*y - 186. Determine j(-38).
-72
Let y(d) = -2*d**2 + 419*d - 17973. Calculate y(66).
969
Let p(g) = g**3 + 105*g**2 + 2067*g - 64. Give p(-79).
-1091
Let c(o) = 171*o - 94723. Determine c(554).
11
Let n(y) = -66200*y + 926817. Give n(14).
17
Let u(d) = -1483*d - 120104. Determine u(-81).
19
Let h(t) = -7*t**3 + 312*t**2 - 3050*t + 96. What is h(30)?
396
Let d(v) = -5*v**3 + 288*v**2 - 3835*v + 32. Calculate d(21).
200
Let z(c) = -c**3 - 6*c**2 + 334*c + 234. What is z(16)?
-54
Let j(k) = 5671*k - 45361. Determine j(8).
7
Let o(i) = -i**2 + 151*i - 2244. Give o(130).
486
Let n(r) = -r**2 + 5885*r - 1817498. Give n(327).
-32
Let q(h) = -h**2 - 9*h + 758. Calculate q(-35).
-152
Let i(q) = 60*q + 1731. Give i(-27).
111
Let m(i) = -367*i + 8727. What is m(25)?
-448
Let r(d) = 73*d + 18032. Calculate r(-252).
-364
Let g(o) = 14*o**2 + 2899*o - 8815. What is g(3)?
8
Let p(a) = a**3 - 29*a**2 + 181*a + 19. What is p(10)?
-71
Let k(u) = 17*u**2 + 612*u + 615. Calculate k(-1).
20
Let c(d) = -2*d**2 - 263*d + 21386. Calculate c(57).
-103
Let o(j) = 74708*j + 13522145. What is o(-181)?
-3
Let w(k) = -12062*k + 144439. Calculate w(12).
-305
Let u(z) = -73*z**2 - 1430*z - 6733. What is u(-11)?
164
Let l(z) = -4*z**3 - 9*z**2 - 28201*z - 56400. What is l(-2)?
-2
Let j(f) = 22*f**2 - 2626*f - 2624. Give j(-1).
24
Let q(i) = i**2 - 268*i + 17433. Calculate q(148).
-327
Let t(a) = -7156*a**2 - 57238*a + 74. What is t(-8)?
-6
Let w(b) = -19*b**3 + 189*b**2 - 165*b + 1713. Calculate w(10).
-37
Let m(g) = -4*g**2 + 108*g + 135. Give m(0).
135
Let m(k) = -3103*k**2 + 344435*k - 241. Determine m(111).
-19
Let p(j) = 364*j**2 - 1094*j + 113. Give p(3).
107
Let r(u) = 3*u**2 - 507*u - 392604. What is r(456)?
12
Let o(g) = -2*g**3 + 87*g**2 - 56*g + 770. Give o(43).
211
Let c(m) = m**3 + 284*m**2 - 318*m - 9447. Determine c(-285).
-42
Let r(j) = 92*j**2 + 6382*j - 49164. Determine r(7).
18
Let n(z) = 2*z**2 + 1795*z + 11537. Give n(-891).
-46
Let y(n) = -75252*n + 29273022. Give y(389).
-6
Let r(v) = 2855*v - 277006. Calculate r(97).
-71
Let q(d) = 8*d**3 + 44*d**2 - 418*d - 2403. Determine q(-6).
-39
Let s(p) = -9699*p + 5014370. Determine s(517).
-13
Let v(n) = -45*n - 787. Give v(16).
-1507
Let m(q) = 9*q**2 - 1360*q + 1543. Give m(150).
43
Let v(n) = -n**3 + 15*n**2 + 162*n + 1207. Give v(24).
-89
Let o(z) = 173*z + 14817. Give o(-79).
1150
Let g(f) = -811559*f + 47881977. Determine g(59).
-4
Let k(h) = -3*h**2 - 200*h + 2351. Determine k(11).
-212
Let l(i) = -8*i**3 + 104*i**2 - 753*i + 9786. What is l(13)?
-3
Let f(t) = -17*t**2 + 700*t + 828. Determine f(43).
-505
Let a(z) = -z**3 - 138*z**2 + 1381*z + 105149. Give a(-25).
-1
Let k(g) = -74*g + 1917. Calculate k(24).
141
Let j(s) = -1018*s + 1807. Give j(3).
-1247
Let o(i) = i**3 + 12*i**2 - 443*i - 6387. Give o(-15).
-417
Let x(f) = -3*f**2 - 13147*f + 463814. What is x(35)?
-6
Let k(g) = -62*g**3 + 7*g**2 - 350*g - 1127. Give k(-3).
1660
Let k(z) = 5*z**3 - 32*z**2 + 70*z + 68. Calculate k(3).
125
Let h(m) = -2*m**3 - 174*m**2 + 1116*m - 257. Calculate h(-93).
-257
Let p(i) = 9*i**2 + 290*i + 2332. Calculate p(-21).
211
Let f(m) = -4*m**3 + 2*m**2 + 1263*m - 1265. Calculate f(1).
-4
Let i(v) = -4*v**3 - 104*v**2 + 125*v + 457. Give i(-27).
-2
Let k(p) = 6416*p - 769929. What is k(120)?
-9
Let i(h) = -834*h - 4222. Calculate i(-6).
782
Let p(k) = -k**3 - 65*k**2 + 145*k - 263. Determine p(-67).
-1000
Let p(i) = -227*i**2 - 1744*i - 20. What is p(-8)?
-596
Let m(s) = 631507*s - 6946572. Calculate m(11).
5
Let s(q) = -7*q**3 + 3767*q**2 - 534*q - 2147. What is s(538)?
5
Let g(y) = 1546*y**2 + 60296*y + 117. What is g(-39)?
39
Let b(o) = 65*o**2 - 508*o + 1. Determine b(9).
694
Let a(y) = 38951*y - 6076348. Determine a(156).
8
Let t(w) = -343*w**3 - 131*w**2 - 212*w + 212. What is t(1)?
-474
Let v(b) = b**3 + 6*b**2 - 184*b - 949. Give v(-5).
-4
Let b(j) = -j**3 + 111*j**2 + 234*j - 921. Give b(113).
-17
Let d(o) = 19*o**2 - 618*o + 4268. Determine d(10).
-12
Let k(c) = 25348*c + 9226668. Give k(-364).
-4
Let v(f) = 8*f**2 - 1730*f - 37303. Determine v(236).
-15
Let l(q) = 3769*q - 407013. Calculate l(108).
39
Let o(t) = -778*t + 3653. Give o(5).
-237
Let z(n) = 5*n**2 - 1267*n + 9809. Give z(8).
-7
Let h(g) = -206*g + 8794. What is h(43)?
-64
Let y(s) = -6*s**3 - 19*s**2 - 879*s - 2626. Give y(-3).
2
Let u(k) = -6*k - 93. What is u(-17)?
9
Let c(x) = -x**3 + 34*x**2 - 138*x + 532. Give c(30).
-8
Let v(l) = -549*l + 5388. Calculate v(9).
447
Let z(s) = 33*s**2 + 120*s - 548. Determine z(4).
460
Let q(b) = -10*b**2 + 500*b - 3022. Give q(6).
-382
Let h(r) = -2*r**2 + 834*r - 47731. What is h(68)?
-267
Let z(x) = -14*x**3 + 13083*x**2 + 6585*x - 37399. Calculate z(935).
1
Let c(y) = -4866*y - 1089986. Calculate c(-224).
-2
Let k(q) = 5762*q + 28440. Determine k(-5).
-370
Let b(g) = -22761*g + 386528. Calculate b(17).
-409
Let h(s) = -58*s**2 - 808*s + 7. Calculate h(-15).
-923
Let u(l) = -l**3 + 18*l**2 + 286*l - 4450. Give u(22).
-94
Let o(t) = t**3 + 105*t**2 - 1510*t - 12401. Give o(-117).
1
Let d(f) = -929*f + 115. Calculate d(1).
-814
Let y(d) = -3*d**3 - 102*d**2 + 86*d + 2609. Give y(-5).
4
Let x(j) = -2*j**2 - 166*j + 10142. Determine x(45).
-1378
Let s(i) = -i**3 + 2*i**2 + 6084*i + 81. What is s(-77)?
4
Let h(f) = -f**3 - 115*f**2 - 1524*f - 316. Calculate h(-15).
44
Let t(m) = 2*m**2 + 4453*m + 2350378. Give t(-860).
-2
Let h(t) = -3*t - 1775. Give h(84).
-2027
Let b(f) = 18*f**2 + 2277*f - 3276. Give b(-128).
180
Let i(s) = -s**3 - 426*s**2 + 411*s - 6813. What is i(-427)?
19
Let w(k) = -k**3 - 33*k**2 - 166*k + 584. Calculate w(-26).
168
Let x(c) = -35*c**2 - 239*c - 308. Calculate x(-5).
12
Let d(w) = 166*w + 7329. Determine d(-44).
25
Let t(v) = -8399*v + 41852. Determine t(5).
-143
Let g(y) = 1876*y + 793526. Calculate g(-423).
-22
Let m(i) = i**2 + 414*i + 10546. Give m(-387).
97
Let k(m) = -2361*m**2 + 18886*m + 4. Calculate k(8).
-12
Let b(k) = 18741*k + 37514. Calculate b(-2).
32
Let y(o) = -3*o**2 + 45414*o + 772911. Give y(-17).
6
Let s(z) = -z**2 - 1308*z + 371536. Calculate s(240).
16
Let i(x) = -4*x**2 + 1861*x + 38802. Calculate i(-20).
-18
Let n(i) = -i**3 + 6*i**2 + 147*i + 65. Determine n(18).
-1177
Let u(o) = 140*o**3 + 15*o**2 + 3*o - 13. What is u(-1)?
-141
Let u(m) = -19*m**2 + 61*m - 170. Determine u(3).
-158
Let t(o) = -8249*o + 3. Determine t(0).
3
Let p(s) = -25*s**2 - 817*s - 1540. Calculate p(-2).
-6
Let x(s) = -s**3 + 21*s**2 + 40*s - 221. Calculate x(24).
-989
Let m(q) = 9*q**2 - 145*q + 58. Give m(14).
-208
Let a(j) = 285*j*